 k?
3, 5, 2663
Let y(c) = c**3 - 59*c**2 - 68*c - 4348. What are the prime factors of y(72)?
2, 14537
Let i = -49 + 141. Suppose 0 = 2*r - x + i, -3*r = x + x + 131. What are the prime factors of (0 - r/(-3))*(-5)/1?
3, 5
Let f = 3620 + 10943. List the prime factors of f.
14563
Suppose 55*z + 7478 = 49510 - 12. What are the prime factors of z?
2, 191
Suppose -3*f + 7*y = 3*y - 16740, 4*y = 0. Suppose -9*l + f = l. Suppose b = -4*p - 4*b + 450, -4*b = 5*p - l. What are the prime factors of p?
2, 5, 11
Let h(f) = f**3 + 40*f**2 - 32*f + 193. List the prime factors of h(-21).
2, 2311
Suppose -85*t - 11520 = -100*t. What are the prime factors of t?
2, 3
Let p(x) = 312*x**2 + 330*x + 2342. What are the prime factors of p(-7)?
2, 5, 383
Suppose 6 = -30*x + 28*x. Let k(f) = 5*f**2 + 12*f + 31. What are the prime factors of k(x)?
2, 5
Suppose 3016*o - 2972*o = 757328. What are the prime factors of o?
2, 13, 331
Let t(g) = 821*g + 249. What are the prime factors of t(1)?
2, 5, 107
Let x(q) = 94*q**2 + 12*q - 240. List the prime factors of x(8).
2, 367
Let g = 29 - 33. Let w be g + 5/10*-62. List the prime factors of 2*(w/(-2) + 1).
37
Suppose 0 = 27*s - 28*s + 24. Suppose -s*t + 22783 = -5657. What are the prime factors of t?
3, 5, 79
Let m(w) = -3*w**3 - 143*w**2 - 18*w + 333. What are the prime factors of m(-48)?
3, 389
Let j = -3 - -10. Suppose 6*s - j*s = -3*b + 353, -b + s = -115. List the prime factors of (-2)/(-7) + 12461/b.
3, 5, 7
Suppose j + 5*d = 44, 4*j - 44 = 2*j + d. Let c = j - 20. Suppose 2*o + 126 = 6*i - 2*i, c*o = i - 49. List the prime factors of i.
29
Suppose 17*s + 4*s = 93492. List the prime factors of s.
2, 3, 7, 53
Let k = 4265 + -1802. List the prime factors of k.
3, 821
Suppose -17*t = -71127 - 79493. Suppose -1249*z + 1259*z - t = 0. What are the prime factors of z?
2, 443
Let z = 10 - 16. Suppose 5*y - 32 + 352 = -t, -242 = 4*y - 2*t. Let i = z - y. What are the prime factors of i?
3, 19
Let h be -16*1*(16 - -84). Let o = 3109 + h. List the prime factors of o.
3, 503
What are the prime factors of -1*(4/(-30)*6)/(24/202740)?
2, 31, 109
Let o be (-22)/36*-3 - (-5)/30. Suppose 2*u - o*w + 22 = 0, 5*u - 4*w = -0*u - 56. List the prime factors of ((-31)/(-1)*7)/(u + 13).
7, 31
Suppose 0 = -o - 4*o - 310. Let h be (104/5)/(2/(-10)). Let t = o - h. List the prime factors of t.
2, 3, 7
Suppose 15*o - 2545098 = -43*o. What are the prime factors of o?
3, 14627
Let m(l) = 3*l**3 - 42*l**2 - 58*l + 142. What are the prime factors of m(31)?
3, 5, 7, 11, 41
Let i(d) = 19311*d + 491. What are the prime factors of i(1)?
2, 9901
Let j = 54 - 51. Suppose -b + 2*r = -r - 392, -j*b - r + 1216 = 0. What are the prime factors of b?
2, 101
Let t = 22741 + -13932. List the prime factors of t.
23, 383
Let y = 4091 - 416. List the prime factors of y.
3, 5, 7
Let h(c) = -143*c - 13. Let u be h(-2). Suppose 10*j - 5747 = u. What are the prime factors of j?
2, 7, 43
Suppose -5*n = 2*a + 171, a - 2*n + 0*n + 63 = 0. Let q = 81 + a. Suppose -q*x + 11*x - 366 = 0. List the prime factors of x.
2, 61
Let k = 173 + -5. Suppose 7*r - 3549 = -k. List the prime factors of r.
3, 7, 23
Suppose 3*b = -5 + 8. Suppose 5*a + b + 0 = 3*t, -2*a - 8 = -5*t. Suppose -3*j - t*j = -g + 47, 0 = 5*g - 4*j - 235. What are the prime factors of g?
47
Suppose 6*u - 511 = 689. Suppose -103*h = -102*h - u. List the prime factors of h.
2, 5
Suppose -10 = 5*l, 2*l = -3*g - g + 4076. List the prime factors of 5/(3072/g + -2 + -1).
5, 17
Suppose -4*g = -8*g. Let c(n) = 5*n**2 - 47*n + 7. Let t be c(11). Suppose g = -q - q - 6, -k + 2*q = -t. List the prime factors of k.
89
Suppose -2*w - 2*w = 12. Let g(o) be the third derivative of -15*o**4/8 - 5*o**3/6 - 11*o**2 + 3*o + 135. What are the prime factors of g(w)?
2, 5, 13
Let n = 81 + -76. Suppose -10*b = -z - n*b + 496, -5*z + b = -2432. List the prime factors of z.
2, 3
Let g = 79695 - 55774. List the prime factors of g.
19, 1259
Let d = -1004 + 1105. Suppose 5*k - 3*o - 2*o = 20, -5*o = 25. List the prime factors of (d/(-2))/(k/2).
101
Let z be 2/10 - (-264)/5. Let b = z - 52. List the prime factors of (-33)/b*9/(-9).
3, 11
Suppose 0 = 27*q - 57 + 3. Suppose q*x - 1874 = 2*l, -5*l - 979 = -2*x + 904. What are the prime factors of x?
2, 467
What are the prime factors of (-10900 - -5)*7*(-14)/245?
2, 2179
Suppose 99 - 31 = 17*g. Suppose 3*s + 1854 = 2*k, -5*s = g*k - 3*s - 3724. What are the prime factors of k?
2, 3, 5, 31
Let a be 143241/(-532) + (-1)/4*-5. Let y = 381 - a. List the prime factors of y.
11, 59
Let q(o) = -247*o + 1479. List the prime factors of q(-27).
2, 3, 7, 97
Let a = 83 + -80. Let n be -3 - (-3)/a*13. Suppose -n*c = 77 - 1107. What are the prime factors of c?
103
Let r be ((-15)/2 - -4)*-678. Suppose -r + 132 = -9*a. List the prime factors of a.
3, 83
Let x(d) = -14*d - 93. Let s be x(-7). Suppose 10*o - 1804 = -5*f + 9*o, 3*f - s*o = 1060. List the prime factors of f.
2, 3, 5
Let r(a) = -2*a - 26. Let z be r(-28). Let c be (9/(-5))/((-2)/z). Suppose c = -2*j + 43. What are the prime factors of j?
2
List the prime factors of ((-6)/10)/(12 - (-1133410)/(-94450)).
3, 1889
Let h be (-18)/(-4)*(-518)/(-111). Let o = 330 + h. What are the prime factors of o?
3, 13
Suppose -38*t - 45 = -197. Suppose 3*s + 35 = 2*n, -2*n + t*s + 22 = -14. What are the prime factors of n?
2
Suppose -c + 3*s = -20, 0 = -c - 2*s - 7 + 2. Let f be c + 0 - 6/(-4)*-2. What are the prime factors of (f - 0)*(-89)/(-2)?
89
Suppose -5*s = 40 - 45. Let t be (-1 - s/1) + (34 - 27). Suppose 20 = t*m + 5*y, -3*y + y + 18 = 4*m. What are the prime factors of m?
5
Let g = -41 + 54. Suppose 0 = -33*r + g*r + 3540. What are the prime factors of r?
3, 59
Let j be (-2013)/(3*((-33)/9 + 4)). Let n = j + 3148. What are the prime factors of n?
5, 227
Let h(v) = 457*v**2 + 19*v - 7. What are the prime factors of h(3)?
23, 181
Suppose 4*y - 1 - 39 = -4*f, 21 = 2*f + y. Suppose -8*w = f*w - 23655. List the prime factors of w.
3, 5, 83
Let b(l) = -8*l**3 - 19*l**2 - 15*l - 4. Let q(c) = -9*c**3 - 20*c**2 - 16*c - 4. Let a(y) = 5*b(y) - 4*q(y). List the prime factors of a(-5).
2, 11
Let j(v) = 2*v**2 - 9*v + 15. Let f = 116 - 113. Let n be j(f). Suppose 98*d + n = 99*d. List the prime factors of d.
2, 3
Let a(g) = g**3 + 15*g**2 - 17*g - 18. Let b be a(-16). Let u be 35*((-120)/35)/b. What are the prime factors of u/(-18)*102/(-5)?
2, 17
Suppose 0 = p - 2*b - 13727, 0 = -363*p + 358*p + b + 68626. What are the prime factors of p?
3, 5, 61
Suppose 11*j - 12*j + 4011 = l, -3*j - 4*l = -12030. What are the prime factors of j?
2, 3, 223
What are the prime factors of 76091490/11439 - (0 + (-2)/31)?
2, 1663
Let f(g) = 4*g**2 + 54*g - 21. Let w be f(-17). Let s = 657 - w. List the prime factors of s.
2, 5, 11
Let j be -3*(2/(-10) + (-56)/(-105)). Let a = j - 5. List the prime factors of (-18)/(-1) + a + 6.
2, 3
Let n(d) = -3*d + 16. Let t be (0 - (1 - -5))*(-64)/48. Let j be n(t). List the prime factors of j/(-28) + (-201)/(-7).
29
Let y = 1389 - -441. Suppose 5*n - y = -3*m + 7*n, -1220 = -2*m + 2*n. What are the prime factors of m?
2, 5, 61
Let i(v) = 3*v + 30. Let q be i(-13). Let c be ((-1533)/28)/(q/12). Suppose -n + c - 18 = 0. What are the prime factors of n?
5, 11
Let k(s) be the third derivative of 34*s**2 + 1/20*s**5 + 3*s**3 + 0*s - 5/8*s**4 + 0. What are the prime factors of k(9)?
2, 3, 7
Suppose 5*f = -2*d + 272, 5*f - 6*d - 284 = -5*d. Let g be 28/6 + (-8)/12. Suppose g*o = 2*o + f. What are the prime factors of o?
2, 7
What are the prime factors of 3/6*69406 - ((-64)/(-2) + -25)?
2, 4337
Let i = 11 + -7. Suppose 12 = -4*k - i*f, -f = -k - 5*f - 12. Suppose k = 9*p - 7*p - 152. List the prime factors of p.
2, 19
What are the prime factors of (105/(-28))/(((-3)/7894)/(7 + -5))?
5, 3947
Let i = 527 - 1070. Let v = i - -1222. What are the prime factors of v?
7, 97
Suppose -4*s + s = -4*m + 187, -4*m - 2*s + 162 = 0. Suppose -m*o = -2*d - 38*o + 1395, o + 3 = 0. What are the prime factors of d?
2, 3, 5, 23
Suppose j - 5*j = -2*x, -35 = x + 5*j. Let u = 109 + x. Suppose -5*b + 2*p - 3*p = -u, 0 = b + 5*p - 39. List the prime factors of b.
19
Suppose d - 23 = -4*m, 34 = 5*m + 5*d - 6. Let c(k) = 20*k**2 - 78*k + 2. List the prime factors of c(m).
2, 7
Let t(